.
39
Calculate the highest common divisor of 1517 and 37.
37
What is the highest common divisor of 57 and 532?
19
Calculate the highest common divisor of 650 and 1.
1
Calculate the greatest common divisor of 1250 and 15.
5
Calculate the highest common divisor of 1130 and 791.
113
What is the highest common factor of 4250 and 34?
34
Calculate the highest common factor of 186 and 123.
3
Calculate the highest common divisor of 5973 and 362.
181
What is the greatest common factor of 88 and 12?
4
Calculate the highest common divisor of 135 and 2715.
15
Calculate the greatest common factor of 248 and 31.
31
Calculate the highest common divisor of 1029 and 1176.
147
What is the greatest common factor of 85 and 2125?
85
What is the greatest common factor of 83 and 1411?
83
What is the highest common divisor of 567 and 35?
7
What is the highest common factor of 149 and 50213?
149
What is the greatest common divisor of 51 and 221?
17
What is the greatest common divisor of 15336 and 216?
216
Calculate the highest common factor of 388 and 13386.
194
Calculate the greatest common divisor of 43184 and 16.
16
Calculate the greatest common factor of 34 and 8.
2
Calculate the greatest common divisor of 494 and 3116.
38
What is the highest common divisor of 28 and 4?
4
What is the highest common factor of 28633 and 33?
11
Calculate the highest common factor of 1232 and 98.
14
What is the greatest common divisor of 288 and 11136?
96
Calculate the highest common factor of 824 and 20.
4
Calculate the greatest common factor of 900 and 36.
36
Calculate the highest common factor of 116 and 3103.
29
What is the greatest common divisor of 5496 and 24?
24
What is the highest common divisor of 8 and 952?
8
What is the highest common divisor of 726 and 14762?
242
Calculate the greatest common divisor of 506 and 828.
46
What is the highest common factor of 1926 and 306?
18
Calculate the highest common factor of 5632 and 128.
128
What is the greatest common divisor of 51 and 629?
17
What is the greatest common divisor of 2136 and 24?
24
What is the highest common factor of 182 and 28?
14
Calculate the highest common factor of 15 and 60.
15
What is the greatest common factor of 21 and 2247?
21
What is the greatest common divisor of 20 and 890?
10
What is the highest common divisor of 75 and 3475?
25
What is the greatest common factor of 780 and 16640?
260
What is the greatest common divisor of 1584 and 495?
99
Calculate the greatest common divisor of 10004 and 3172.
244
What is the highest common factor of 532 and 847?
7
What is the highest common divisor of 505 and 404?
101
What is the highest common factor of 12 and 171?
3
Calculate the highest common divisor of 399 and 147.
21
What is the highest common factor of 6 and 8814?
6
Calculate the highest common factor of 950 and 25.
25
Calculate the highest common divisor of 77 and 154.
77
Calculate the greatest common factor of 11509 and 34.
17
Calculate the highest common factor of 5618 and 106.
106
What is the highest common factor of 16 and 18368?
16
What is the greatest common divisor of 69 and 5957?
23
What is the highest common divisor of 16 and 376?
8
Calculate the highest common divisor of 1116 and 31.
31
Calculate the greatest common divisor of 1131 and 203.
29
Calculate the greatest common divisor of 108 and 15.
3
Calculate the highest common divisor of 930 and 35.
5
Calculate the greatest common factor of 12 and 2388.
12
What is the greatest common factor of 20 and 12?
4
What is the greatest common factor of 10117 and 67?
67
What is the greatest common divisor of 198 and 288?
18
Calculate the greatest common factor of 6105 and 66.
33
Calculate the highest common divisor of 344 and 7181.
43
What is the greatest common divisor of 35 and 120?
5
What is the greatest common factor of 7336 and 7?
7
What is the highest common divisor of 115 and 45?
5
Calculate the highest common divisor of 46 and 782.
46
Calculate the greatest common divisor of 468 and 4.
4
Calculate the highest common factor of 1 and 49.
1
Calculate the highest common factor of 1360 and 2320.
80
What is the highest common factor of 26 and 442?
26
Calculate the highest common factor of 26 and 6.
2
Calculate the highest common factor of 12567 and 71.
71
What is the greatest common divisor of 43 and 8?
1
What is the highest common factor of 650 and 390?
130
Calculate the highest common factor of 473 and 86.
43
What is the highest common factor of 8 and 1?
1
What is the greatest common factor of 3 and 47?
1
Calculate the highest common factor of 42303 and 59.
59
What is the greatest common factor of 21 and 5061?
21
What is the greatest common factor of 256 and 96?
32
Calculate the greatest common divisor of 9 and 20637.
9
What is the greatest common factor of 10 and 1910?
10
What is the greatest common factor of 13 and 2?
1
Calculate the greatest common divisor of 110 and 1408.
22
Calculate the highest common factor of 210 and 1758.
6
What is the highest common divisor of 10 and 2110?
10
What is the highest common factor of 405 and 30?
15
Calculate the highest common divisor of 36 and 84.
12
What is the highest common factor of 31 and 837?
31
What is the highest common factor of 56 and 4368?
56
Calculate the highest common factor of 26 and 14.
2
Calculate the highest common divisor of 24 and 948.
12
Calculate the greatest common divisor of 2 and 1291.
1
What is the greatest common divisor of 221 and 17?
17
What is the highest common factor of 1782 and 6?
6
What is the greatest common factor of 60 and 225?
15
What is the greatest common divisor of 256 and 192?
64
Calculate the greatest common divisor of 51 and 663.
51
What is the highest common factor of 34 and 306?
34
Calculate the greatest common factor of 21 and 27.
3
What is the highest common divisor of 87 and 319?
29
What is the highest common divisor of 196 and 252?
28
What is the highest common divisor of 208 and 156?
52
What is the greatest common divisor of 1705 and 279?
31
Calculate the greatest common factor of 6 and 1662.
6
What is the highest common factor of 425 and 323?
17
What is the greatest common factor of 21084 and 168?
84
What is the greatest common divisor of 326 and 5705?
163
What is the highest common divisor of 260 and 325?
65
What is the greatest common divisor of 29 and 1711?
29
What is the greatest common divisor of 80318 and 14?
14
Calculate the greatest common divisor of 11374 and 44.
22
Calculate the greatest common divisor of 44 and 4906.
22
What is the highest common factor of 72 and 25344?
72
Calculate the greatest common factor of 62 and 3782.
62
Calculate the highest common divisor of 25 and 5.
5
Calculate the highest common factor of 162 and 6.
6
What is the greatest common factor of 979 and 801?
89
What is the greatest common divisor of 15 and 123?
3
Calculate the highest common factor of 154 and 308.
154
What is the greatest common factor of 297 and 189?
27
Calculate the highest common divisor of 300 and 12.
12
Calculate the greatest common divisor of 7 and 49.
7
What is the highest common divisor of 7 and 203?
7
Calculate the greatest common factor of 48 and 336.
48
What is the greatest common factor of 195 and 273?
39
Calculate the highest common divisor of 1703 and 917.
131
What is the highest common factor of 50 and 1600?
50
What is the highest common divisor of 4840 and 80?
40
What is the highest common divisor of 963 and 9?
9
Calculate the highest common divisor of 1703 and 39.
13
What is the greatest common divisor of 19185 and 15?
15
Calculate the highest common factor of 10 and 25.
5
What is the greatest common factor of 95 and 475?
95
What is the greatest common divisor of 7104 and 48?
48
What is the highest common factor of 315 and 9576?
63
What is the highest common factor of 2560 and 20?
20
Calculate the highest common factor of 1625 and 65.
65
Calculate the greatest common divisor of 36 and 3006.
18
Calculate the greatest common divisor of 3587 and 51.
17
Calculate the greatest common divisor of 25 and 28075.
25
What is the highest common divisor of 323 and 95?
19
What is the greatest common divisor of 555 and 44030?
185
What is the greatest common factor of 8 and 40?
8
What is the greatest common divisor of 8160 and 4?
4
What is the highest common div